(v) = -3 + 10 - 4 + 12*v**3 - 2. Give r(-1).
-11
Let u be (-8)/3 + 4/(-12). Suppose 0 = 5*r - r. Let i(w) = -1 + w + 0 + r*w. What is i(u)?
-4
Let g(f) = f + 8. Let n(x) = 1. Let i(b) = g(b) - 6*n(b). Determine i(-4).
-2
Let o(a) = a**3 - 4*a**2 - 3*a - 2. Suppose -11*x - 20 = -15*x. Calculate o(x).
8
Let q(c) = c**2 - c - 10. Let b be -1 + (-2 + 3)*21. Suppose -4*w + b = w. Suppose 0*l = -w*l. Calculate q(l).
-10
Let u(h) be the third derivative of 0*h**3 + 0 + 2*h**2 - 1/60*h**5 + 0*h + 1/120*h**6 - 1/12*h**4. Calculate u(2).
0
Let r(i) = i**3 - 7*i**2 + 7*i - 1. Let v be (1 + 0)*(4 - 3). Let l be 4 + (3/1 - v). What is r(l)?
5
Let i be 34/8 - (-3)/(-12). Let c(n) = 3*n**3 + 22*n - 2*n**3 - 25*n + 5 + i*n**2. Calculate c(-5).
-5
Let p(t) = -3*t - 8. Let i be p(-6). Let z = -7 + i. Let k(c) = -2*c + 2. Give k(z).
-4
Let y(u) = -u + 6. Let a(w) = -w**3 + 12*w**2 - 9*w - 15. Let n be a(11). Give y(n).
-1
Let a(u) be the first derivative of -u**3/3 - u**2 - 4*u - 17. What is a(-4)?
-12
Let w(h) = h**3 - 10*h**2 + 8*h + 14. Let b be w(9). Let g(a) = -3*a**2 - 6*a - 3 + 6 + 4*a**2. Determine g(b).
-2
Let h(y) = -4*y**2 + 4*y + 3. Let x(s) = s + 4. Let q be x(-6). Determine h(q).
-21
Let h(r) = 2*r**3 + 2*r**2 + 11*r - 21. Let m(n) = -n**3 - n**2 - 5*n + 10. Let g(p) = 4*h(p) + 9*m(p). Give g(0).
6
Suppose 4*y + 12 = -0. Let d(m) = -4*m - 1. Give d(y).
11
Let k(f) be the second derivative of -3*f**5/5 + 26*f. Determine k(1).
-12
Let j be (-10)/45*6/(-16). Let b(h) be the second derivative of -j*h**4 + 0 - 1/3*h**3 - 3*h - 2*h**2. Calculate b(-3).
-7
Let w(f) be the first derivative of f**4/4 - 2*f**3/3 - 3*f**2/2 + 3*f - 3. Give w(3).
3
Let r(n) = -4*n. Let l = 4 + -8. Let i be (-95)/(-35) + l/(-14). Determine r(i).
-12
Let h(q) = -q**3 - 4*q**2 - 2*q - 6. Let g(u) = u - 3*u + 3*u + 1 - u**2. Let l be g(-1). Let n = l + -3. What is h(n)?
2
Suppose -4*o + 5*a + 15 = 37, -16 = 2*o - 5*a. Let n be (1/o)/((-1)/(-3)). Let x(r) be the first derivative of 5*r**2/2 + r - 64. Calculate x(n).
-4
Let q = 4 + -2. Let a(v) be the second derivative of -1/3*v**3 - 6*v + 1/2*v**2 + 0. What is a(q)?
-3
Let o(h) be the third derivative of -h**6/120 + h**4/24 + 7*h**3/6 - h**2. Let n = 4 + -5. Let p = n + 1. Determine o(p).
7
Let u(y) be the third derivative of -y**5/60 - y**4/6 - y**3/3 - 22*y**2. Calculate u(-4).
-2
Let w(c) = c**2 + c + 1. Let n(d) = d**2. Let r(o) = 4*o**2. Let a(b) = -11*n(b) + 2*r(b). Let v(z) = a(z) - w(z). Let u = -1 + 0. What is v(u)?
-4
Let f(s) be the second derivative of -s**5/20 - 7*s**4/12 - s**3/6 - 7*s**2/2 - 6*s. Let c be (14/(-4))/((-1)/(-2)). What is f(c)?
0
Let j(k) = 2*k**2 - 3*k**2 + 3*k + 2*k**2 + 4. Let d be (2/(-3))/1*-6. Suppose 0 = -d*l + 4, 7 + 0 = -c + 3*l. Calculate j(c).
8
Let k(a) = a**3 - 5*a**2 - 6*a - 5. Let t be (-32)/(-5) + 22/(-55). Determine k(t).
-5
Let h(q) = -q**3 - q**2 - q. Let c(k) = -2*k**3 - 9*k**2 - 7*k + 7. Let j(a) = c(a) - h(a). Determine j(-7).
0
Suppose f = -f + 6. Let j(r) = 2 - 18*r**2 - 3 + 4*r - 24*r**2 + 41*r**2. Determine j(f).
2
Suppose -4*b + 15 = 3*v, -8*v - b = -6*v - 5. Let d(j) = -11*j**3 + 2*j**2 - j. What is d(v)?
-10
Let r(f) = -f**3 - 9*f**2 - 6*f + 7. Let p be (32/6)/((-22)/33). Give r(p).
-9
Suppose u = -0*u. Let x(b) = b + 1. Let a(y) = y**2 - 2*y + 2. Let h(n) = -a(n) - 3*x(n). Let j be h(u). Let f(r) = r - 1. Calculate f(j).
-6
Let z(y) = 4*y**3 - 4*y**2 + 1. Let q(j) = -8*j**3 + 9*j**2 - j - 3. Let p(r) = 2*q(r) + 5*z(r). What is p(-1)?
-5
Suppose -m - 5 = -0*j + j, 2*m - j - 5 = 0. Let d(i) = m*i - 4*i - 4 - 5*i**2 + 4*i**2. Determine d(-4).
-4
Let j(v) = -v**2 - 27*v - 68. Let y be j(-24). Let s(w) = -3 + 2*w**2 - 3*w - 1 - 2*w. Give s(y).
8
Let y be ((-18)/15)/(2/(-10)). Let u(r) be the third derivative of -r**4/12 + 5*r**3/6 - 28*r**2. Give u(y).
-7
Let t(h) = -3*h**2 + 3*h - 2. Let z = 17 + -15. Give t(z).
-8
Let p(l) = -l**3 + 4 - 3*l**2 + 3*l**2 - 6*l - 6*l**2. Let j(i) = 2*i + 1. Let k be j(1). Suppose -c + 17 = -3*f + k, -23 = 5*f - 2*c. Give p(f).
9
Let c(l) = -7 + 1 + 6*l**2 - 1 - l**3 - 4*l. Let z = -2 - -1. Let r be 3 - (z + 1 - 2). What is c(r)?
-2
Let w be (-2)/8 - 26/(-8). Let j(m) = 7 + 3*m - w + 2*m**3 + 4*m**2 - m**3. Let a be -3 + 3/6*-2. Determine j(a).
-8
Let v(h) be the third derivative of h**2 + 0*h**4 + 0 - 1/120*h**5 + 0*h + 1/6*h**3. Let u(w) be the first derivative of v(w). Determine u(-5).
5
Let o(z) = 5*z**3 + z**2 + 5*z. Let s(m) = 6*m**3 + 11*m. Let a(c) = c. Let j(t) = 6*a(t) - s(t). Let u(h) = 4*j(h) + 5*o(h). Let l = 7 + -11. What is u(l)?
-4
Suppose 7*d - 2*d = 20. Let k(v) = 8 - 3*v**2 - 3 + 2*v**2 - v + d. Suppose -5*c + 0*c = 0. Give k(c).
9
Let r(h) be the first derivative of 2*h**3/3 - 3*h**2/2 - 4. Let j be r(2). Suppose -j*z = -3 - 1. Let p(t) = t**3 - 5*t**2 + 4*t - 3. What is p(z)?
-7
Let a(n) = 6*n**2 + n + 1. Let t(q) = -q**3 + q**2 + 2*q - 1. Suppose 2*r - 4 = -0*r. Let g be t(r). Calculate a(g).
6
Let d(p) be the second derivative of -p + 1/6*p**3 + 2*p**2 + 0. Let y = -10 - -7. Calculate d(y).
1
Let u be 1/(3*(-1)/(12 - 3)). Let f(y) = -4*y**2 - 3*y - 10. Let j(i) = 11*i**2 + 8*i + 29. Let g(s) = 17*f(s) + 6*j(s). Give g(u).
-5
Let v(x) = -x**2 - x + 1. Let a(m) = m**3 + 2*m - 6. Let y(t) = -a(t) - 4*v(t). What is y(4)?
10
Let g(n) = n. Suppose 5*z = 3*r - r + 24, -r + 18 = 5*z. Let d be 15/12 - r/(-8). Let h(c) = -2*c + 1. Let y(i) = d*h(i) - g(i). Determine y(2).
-5
Let q(h) = -3*h**3 + 3*h**2 + 3. Let r(i) = -4*i**3 + 3*i**2 + 4. Let p(k) = 3*q(k) - 2*r(k). Give p(4).
-15
Let a be 6/(-4) - 20/(-8). Let u be (-3)/(3*-1) - a. Let c(t) = -4*t**2 + t + 1 + 0*t + u*t**2. Calculate c(-1).
-4
Let z(d) = d + 1. Let i be z(-3). Let r = -8 + 4. Let k(g) = 2*g - 5. Let q(t) = -3*t + 6. Let v(b) = r*k(b) - 3*q(b). Calculate v(i).
0
Let w(t) = t**3 - 5*t**2 + 3*t - 3. Let r = 86 - 82. Calculate w(r).
-7
Let g(f) be the first derivative of f**2 - 3*f + 1. Let j = -1 - -4. Suppose -9 - j = -4*l. Determine g(l).
3
Let s(g) be the first derivative of g**3 + g**2 - g - 15. What is s(1)?
4
Let t be 0/(-1) + 2*-3. Let k be (3 + -1)/((-10)/(-35)). Let f(u) = -k*u**3 - 5*u**2 + 6*u + 3*u**3 + 3*u**3. Calculate f(t).
0
Let x(y) = -17*y - 11. Let n(d) = d. Let f(g) = -4*n(g) - x(g). Let v(m) = -7*m - 5. Let q(k) = 2*f(k) + 5*v(k). Determine q(-2).
15
Let j(g) = -g**2 - g - 1. Let i(l) = 5*l**2 - 4*l - 5. Let f(x) = -2*x - 6. Let v be f(-5). Let a(b) = v*j(b) - i(b). Calculate a(1).
-8
Let d be (-1)/2 + 18/(-4). Let x(i) be the second derivative of -i**5/20 - i**4/2 - 5*i**3/6 - 5*i**2/2 - 2*i. Calculate x(d).
-5
Let l(w) = w - 37 + 16 + 21. Give l(4).
4
Let x(i) be the first derivative of i + 0*i**3 - 3/4*i**4 + 5 + 0*i**2. Let p = -1 + 0. Determine x(p).
4
Suppose 2*u + 23 = 5. Let j(q) = q**2 + 8*q - 7. Let l be j(u). Let v(x) = -2 + 0*x**2 + x + x + 6*x**2 - x**3 - l*x**2. Calculate v(4).
6
Let y(b) = -2*b**2 - b - 1. Let p = -21 + 19. Give y(p).
-7
Let h(i) be the third derivative of -i**4/12 + 5*i**3/6 + i**2. Let f be h(5). Let q(w) = -4 + 3*w + 4 + w**3 + 6*w**2 - 7. Determine q(f).
3
Let z(x) = -15*x**2 + 27*x - 12. Let i(n) = -n + 24. Let h = 20 + -9. Let j be i(h). Let k(v) = 7*v**2 - 13*v + 6. Let m(s) = j*k(s) + 6*z(s). What is m(5)?
-4
Suppose 0 = 2*g - 2 + 6. Let q(c) = 2*c**2 + 4*c + 2. Let r(b) = -b + 1. Let t(h) = q(h) + r(h). Calculate t(g).
5
Let b(q) be the second derivative of q**6/360 + q**5/20 + q**4/12 - 3*q. Let c(f) be the third derivative of b(f). Give c(-6).
-6
Let a(s) be the second derivative of s**4/12 + s**3/3 - s**2 + 7*s. What is a(-2)?
-2
Let t = -160 - -162. Let z(w) = -4*w**2 + 3*w - 1. Determine z(t).
-11
Let q(u) = 11*u + 3 + 2 - 6. Suppose 6*m = 10*m + 4. What is q(m)?
-12
Let l(q) be the second derivative of q**4/3 - q**3/3 + q**2/2 + 2*q. Let j(c) = c**2 - 7*c - 7. Let n be j(8). Let w = 0 + n. What is l(w)?
3
Suppose 2*u + n - 7 = -3, -2*n + 8 = 0. Let s be 0 - (u - (2 - -2)). Let d(a) = -s*a - 1 + 2*a - a. Determine d(1).
-4
Let i(n) = -n**2 + 4*n + 1. Let x(h) be the second derivative of -h**5/10 - h**4/12 + h**2/2 + 4*h. Let f be x(-1). What is i(f)?
5
Let z(h) = -6*h**3 + 20*h**2 + 14*h + 6. Let j(k) = 2*k**3 - 7*k**2 - 5*k - 2. Let f(q) = 17*j(q) + 6*z(q). What is f(-2)?
24
Let g(y) = -9*y - 1. L